16, what is -2 - -61068?
61066
In base 2, what is 100000001001 + 11101110?
100011110111
In base 7, what is 2042 + 112?
2154
In base 11, what is 4 - -10605?
10609
In base 14, what is 1c787 - -2?
1c789
In base 10, what is 5 + -3094?
-3089
In base 3, what is -1112202221 + -11?
-1112210002
In base 12, what is 11b6 + -4?
11b2
In base 8, what is -166 + -6?
-174
In base 14, what is 30b - -8a?
397
In base 4, what is -12 + 3230200?
3230122
In base 15, what is 4d0 - 26?
4a9
In base 8, what is 4 - -1171530?
1171534
In base 15, what is -18d - -416?
278
In base 4, what is 102 - -20302?
21010
In base 5, what is 10 + -12430444?
-12430434
In base 15, what is -18 - -1c?
4
In base 11, what is 2 - -8545?
8547
In base 12, what is 11ba - 89?
1131
In base 3, what is 2100 - -111220102?
111222202
In base 6, what is -1404511 - -102?
-1404405
In base 11, what is -421 - 117?
-538
In base 2, what is -11001100 + 11110?
-10101110
In base 14, what is -4 - -9d772?
9d76c
In base 10, what is 1 - -157357?
157358
In base 12, what is -b7 - -3417?
3320
In base 12, what is -73a62b - 2?
-73a631
In base 11, what is -23884 + 4?
-23880
In base 8, what is -40 + -74?
-134
In base 2, what is -1011100111 + 11101011?
-111111100
In base 11, what is -a - -6688?
6679
In base 8, what is 11472 + -13?
11457
In base 4, what is -232233212 + 1?
-232233211
In base 3, what is 11021012120 + 12?
11021012202
In base 7, what is 2 - 10114?
-10112
In base 3, what is 2201111121 - 21?
2201111100
In base 8, what is -15 + -45540?
-45555
In base 3, what is -12210102122001 + -12?
-12210102122020
In base 2, what is -111100000101100100 + -11?
-111100000101100111
In base 5, what is 422432 + -10?
422422
In base 3, what is -21 + 2200110022?
2200110001
In base 16, what is 1fe4d - -5?
1fe52
In base 2, what is 10000110 - -1000000101011?
1000010110001
In base 9, what is 132 + -24262?
-24130
In base 2, what is 1100000011011111 + 1000?
1100000011100111
In base 11, what is -1586 - -3?
-1583
In base 12, what is 1 - 1672a0?
-16729b
In base 8, what is 5 + 2224155?
2224162
In base 10, what is 16 + 3037?
3053
In base 13, what is -379b6 - -4?
-379b2
In base 4, what is 11 - -120112?
120123
In base 6, what is -22 + 5443454?
5443432
In base 9, what is -13 + 40151?
40137
In base 9, what is -1115837 - -4?
-1115833
In base 2, what is 1011101110010001011101 + -11?
1011101110010001011010
In base 13, what is 3 - -a829?
a82c
In base 2, what is -11010000100111 + -11110?
-11010001000101
In base 4, what is -3 - -3231231?
3231222
In base 15, what is -3 - 75771?
-75774
In base 15, what is -29a4 - -4?
-29a0
In base 6, what is 214544024 - 0?
214544024
In base 9, what is 406066 - -7?
406074
In base 14, what is -2d + -230?
-25d
In base 16, what is 2f6 - 5bf?
-2c9
In base 12, what is 18 + -235?
-219
In base 16, what is 2f20cf - -2?
2f20d1
In base 15, what is -164a1 - 0?
-164a1
In base 15, what is a + 1ac4a?
1ac55
In base 5, what is 203 + -20122?
-14414
In base 2, what is -1001010 - 1101100?
-10110110
In base 14, what is -17 - 149a?
-14b3
In base 14, what is -1 + -bdd7?
-bdd8
In base 16, what is 1 - 1e60?
-1e5f
In base 5, what is 11340104 + 0?
11340104
In base 12, what is 2a327 + 0?
2a327
In base 4, what is -313101 + -1?
-313102
In base 3, what is 1011102 - 20?
1011012
In base 12, what is -154b8 - -1?
-154b7
In base 13, what is 4187b - 5?
41876
In base 13, what is 765c + -2?
765a
In base 4, what is -12230212 - -22?
-12230130
In base 3, what is -10 + -21021102000?
-21021102010
In base 8, what is -2 - 1333036?
-1333040
In base 4, what is -101032211 - 1?
-101032212
In base 16, what is 8821 - 1?
8820
In base 2, what is -11001000111011 - 1001110?
-11001010001001
In base 11, what is -11 + -28695?
-286a6
In base 4, what is -1031233 + -1?
-1031300
In base 8, what is -244 + -4054?
-4320
In base 8, what is 2221164 + -4?
2221160
In base 4, what is 2131 - 1102020?
-1033223
In base 5, what is 2440440 - -143?
2441133
In base 9, what is 11 + -22214?
-22203
In base 16, what is -4 + 172c6?
172c2
In base 9, what is 4 - -1083458?
1083463
In base 3, what is -11 + -10201021?
-10201102
In base 14, what is -15 - -73c8?
73b3
In base 10, what is -5 - 17533?
-17538
In base 5, what is -10 + 134104?
134044
In base 7, what is 302164 + -4?
302160
In base 2, what is 0 + -101000000111010110?
-101000000111010110
In base 3, what is 1020122 - 1101020?
-10121
In base 8, what is 4 - 3422421?
-3422415
In base 7, what is -5 - -16663311?
16663303
In base 3, what is -1121 - 112122?
-121020
In base 8, what is 0 + 1650410?
1650410
In base 10, what is 4807 + -2?
4805
In base 4, what is -11132030 + -121?
-11132211
In base 14, what is -b + 85b?
850
In base 9, what is -40 - -18247?
18207
In base 9, what is -5 + 275848?
275843
In base 4, what is 32 + 11322013?
11322111
In base 13, what is -1 + -968c?
-9690
In base 5, what is 32224 + -42?
32132
In base 14, what is 4 - -1782d?
17833
In base 7, what is 114 + 13154?
13301
In base 9, what is 6001 - -706?
6707
In base 4, what is 13322 - 123?
13133
In base 7, what is 1 + -261016?
-261015
In base 3, what is -21101 + 202102?
111001
In base 9, what is -7664 - -236?
-7427
In base 4, what is 10 - 3023332333?
-3023332323
In base 5, what is -1014114 - 2?
-1014121
In base 12, what is -5 + 2b53?
2b4a
In base 3, what is 12220001020 + -10?
12220001010
In base 16, what is -287 - ff?
-386
In base 8, what is 345376 + -4?
345372
In base 14, what is 19 + -3013?
-2dd8
In base 6, what is -452 - -355?
-53
In base 10, what is -229 - -275?
46
In base 6, what is 514551 + -135?
514412
In base 10, what is -3397 - 11?
-3408
In base 7, what is -2 - -154635?
154633
In base 16, what is 172 + 20aa?
221c
In base 5, what is -14 - -14413?
14344
In base 12, what is -74 - 14566?
-1461a
In base 6, what is 140 + 40142?
40322
In base 6, what is -43 + -2005020?
-2005103
In base 11, what is -2 - 12091?
-12093
In base 4, what is -3320 - 20331?
-30311
In base 3, what is -12112001 + 12?
-12111212
In base 5, what is -2 - -42001?
41444
In base 5, what is -3001 + -330?
-3331
In base 16, what is -9 + -2fb1?
-2fba
In base 4, what is 2200133 - -2?
2200201
In base 8, what is -54 + -50?
-124
In base 6, what is 31 + -31554?
-31523
In base 16, what is b4d78 + -4?
b4d74
In base 8, what is 4 + -1430320?
-1430314
In base 9, what is 0 + -12330?
-12330
In base 2, what is -110101 + 10010011001001?
10010010010100
In base 14, what is -237b - 39?
-23b6
In base 15, what is -4 - -460b?
4607
In base 16, what is -54c - 1b8?
-704
In base 16, what is -3135 + -104?
-3239
In base 2, what is 1010100100 + -111000?
1001101100
In base 10, what is -2 + -73870?
-73872
In base 2, what is 100 + 111101101010?
111101101110
In base 12, what is -71 + 37919?
37868
In base 13, what is -28 + 107b?
1053
In base 15, what is 4 + -8720?
-871b
In base 4, what is 2 - 13001001?
-13000333
In base 12, what is aab24 + 2?
aab26
In base 10, what is -3 + 7440?
7437
In base 10, what is -24553 - 0?
-24553
In base 5, what is -10040 - -13131?
3041
In base 6, what is -4 + -23155?
-23203
In base 4, what is 31010101 - -1003?
31011110
In base 9, what is -21461 + 0?
-21461
In base 2, what is -11001 - -10100011001?
10100000000
In base 9, what is -37064 + 10?
-37054
In base 15, what is -b + -2abb2?
-2abbd
In base 5, what is 3 + -3312032?
-3312024
In base 9, what is 4 - -103183?
103187
In base 8, what is -5520337 + 3?
-5520334
In base 4, what is -300202 - 103232?
-1010100
In base 11, what is 121 + -2a?
a2
In base 10, what is 4 + -1327?
-1323
In base 10, what is -3 - -6340?
6337
In base 12, what is 1 - -11839?
1183a
In base 7, what is 16540 - 21?
16516
In base 16, what is -3 + d8d?
d8a
In base 6, what is -21302512 - -5?
-21302503
In base 4, what is -20333311 + -322?
-21000233
In base 8, what is -6 - 12362?
-12370
In base 2, what is 10011110101 - -1?
10011110110
In base 5, what is -13 - 220410?
-220423
In base 3, what is -1020021 + -2121?
-1022212
In base 12, what is 42278 + 2?
4227a
In base 14, what is -69bc + 2?
-69ba
In base 10, what is -7293 - 6?
-7299
In base 14, what is -4 - -2307?
2303
In base 9, what is -173324 + -5?
-173330
In base 7, what is 241 + -2361?
-2120
In base 16, what is 15f - -e9?
248
In base 9, what is 443 - -61?
514
In base 12, what is -819 - a58?
-1675
In base 5, what is -120 - -344322?
344202
In base 10, what is -2 - 41781?
-41783
In b